base 11?
-2
What is 320 (base 5) in base 12?
71
What is -a7 (base 11) in base 15?
-7c
What is 1200 (base 3) in base 16?
2d
What is 4 (base 5) in base 3?
11
34 (base 12) to base 5
130
What is -8 (base 10) in base 3?
-22
-5 (base 16) to base 8
-5
-111 (base 2) to base 15
-7
What is 11 (base 9) in base 14?
a
What is -1 (base 10) in base 14?
-1
What is 13 (base 4) in base 16?
7
What is -22 (base 11) in base 15?
-19
What is 105 (base 9) in base 10?
86
70 (base 13) to base 9
111
What is 35 (base 11) in base 6?
102
Convert -2 (base 9) to base 13.
-2
Convert -5c (base 14) to base 7.
-145
Convert 4 (base 7) to base 4.
10
Convert 21 (base 11) to base 3.
212
86 (base 12) to base 8
146
Convert 12 (base 10) to base 13.
c
Convert 102 (base 4) to base 7.
24
What is 213 (base 10) in base 13?
135
What is 3 (base 9) in base 12?
3
What is -6 (base 14) in base 12?
-6
Convert -1c (base 13) to base 8.
-31
What is -2 (base 10) in base 13?
-2
Convert 7 (base 8) to base 15.
7
Convert 4 (base 7) to base 15.
4
Convert aa (base 16) to base 11.
145
220 (base 3) to base 12
20
Convert -193 (base 10) to base 4.
-3001
What is 27 (base 9) in base 8?
31
Convert 3 (base 5) to base 7.
3
What is -40 (base 7) in base 16?
-1c
What is -5 (base 13) in base 6?
-5
2021 (base 3) to base 12
51
1111111 (base 2) to base 6
331
10 (base 6) to base 15
6
510 (base 8) to base 15
16d
33 (base 10) to base 14
25
Convert 2 (base 9) to base 2.
10
What is 103 (base 7) in base 13?
40
What is -44 (base 13) in base 8?
-70
What is a (base 15) in base 7?
13
2 (base 7) to base 11
2
Convert -3 (base 7) to base 2.
-11
What is 3 (base 12) in base 8?
3
Convert 2 (base 9) to base 15.
2
What is -a (base 13) in base 12?
-a
Convert 21 (base 3) to base 10.
7
5 (base 12) to base 4
11
What is -113 (base 16) in base 13?
-182
What is -9 (base 12) in base 14?
-9
-8 (base 9) to base 6
-12
Convert 61 (base 7) to base 6.
111
Convert -2 (base 4) to base 16.
-2
Convert 35 (base 12) to base 3.
1112
Convert -2b (base 12) to base 5.
-120
What is -2d (base 15) in base 14?
-31
Convert -21221 (base 3) to base 14.
-114
Convert -6b (base 14) to base 2.
-1011111
-33 (base 13) to base 12
-36
What is -5 (base 9) in base 12?
-5
Convert 7 (base 11) to base 13.
7
Convert 3 (base 5) to base 2.
11
Convert -200 (base 5) to base 7.
-101
Convert 1332 (base 4) to base 3.
11200
Convert 4 (base 9) to base 12.
4
What is -12212 (base 3) in base 8?
-236
Convert 21 (base 3) to base 2.
111
Convert -2 (base 11) to base 9.
-2
75 (base 14) to base 8
147
What is -26 (base 7) in base 9?
-22
4 (base 8) to base 12
4
What is 3 (base 4) in base 5?
3
What is 8 (base 12) in base 9?
8
What is 5 (base 7) in base 8?
5
Convert -5 (base 7) to base 15.
-5
41 (base 8) to base 10
33
-17 (base 16) to base 8
-27
What is 4 (base 11) in base 15?
4
What is -1 (base 2) in base 15?
-1
What is -11 (base 2) in base 6?
-3
-187 (base 16) to base 13
-241
Convert -11 (base 7) to base 13.
-8
1c2 (base 13) to base 10
327
0 (base 15) to base 2
0
3a (base 14) to base 6
124
1d (base 16) to base 3
1002
What is 5 (base 6) in base 4?
11
Convert 1212 (base 3) to base 15.
35
-110 (base 2) to base 10
-6
Convert cd (base 14) to base 15.
c1
8 (base 16) to base 3
22
Convert 4e (base 15) to base 3.
2202
Convert 74 (base 13) to base 8.
137
What is -20 (base 3) in base 5?
-11
What is cc (base 14) in base 12?
130
Convert -2 (base 16) to base 14.
-2
Convert 20 (base 3) to base 15.
6
Convert -88 (base 15) to base 8.
-200
58 (base 10) to base 8
72
-1030 (base 4) to base 13
-5b
What is -142 (base 7) in base 13?
-61
Convert -101 (base 5) to base 14.
-1c
Convert 24 (base 14) to base 11.
2a
11010 (base 3) to base 11
a1
Convert -85 (base 16) to base 4.
-2011
What is -101 (base 3) in base 4?
-22
Convert 0 (base 3) to base 13.
0
What is -6 (base 14) in base 5?
-11
Convert -84 (base 14) to base 5.
-431
Convert 40 (base 5) to base 7.
26
Convert -2 (base 12) to base 9.
-2
Convert 1 (base 3) to base 4.
1
55 (base 12) to base 7
122
Convert 3 (base 6) to base 9.
3
Convert -10 (base 3) to base 15.
-3
What is -304 (base 5) in base 7?
-142
Convert 5 (base 15) to base 10.
5
What is 9 (base 12) in base 14?
9
What is -240 (base 12) in base 2?
-101010000
10011001 (base 2) to base 6
413
Convert -e (base 15) to base 6.
-22
Convert -1 (base 13) to base 5.
-1
34 (base 9) to base 6
51
What is -1a (base 11) in base 5?
-41
What is 3 (base 14) in base 7?
3
-2c (base 16) to base 6
-112
-220 (base 7) to base 3
-11011
5 (base 6) to base 16
5
Convert -9 (base 10) to base 7.
-12
Convert -110 (base 8) to base 12.
-60
What is 2 (base 15) in base 7?
2
1a (base 13) to base 6
35
1100 (base 2) to base 3
110
What is 4 (base 6) in base 14?
4
Convert 0 (base 8) to base 15.
0
What is c2 (base 16) in base 8?
302
What is -10 (base 8) in base 6?
-12
142 (base 10) to base 14
a2
What is -310 (base 4) in base 15?
-37
-11 (base 13) to base 9
-15
24 (base 7) to base 8
22
Convert 26 (base 8) to base 13.
19
Convert -c (base 13) to base 3.
-110
4 (base 11) to base 10
4
What is -7 (base 10) in base 7?
-10
What is -1b (base 16) in base 13?
-21
-12 (base 6) to base 11
-8
Convert -10 (base 15) to base 14.
-11
111011 (base 2) to base 7
113
Convert ba (base 15) to base 5.
1200
Convert 138 (base 9) to base 8.
164
Convert 23 (base 6) to base 11.
14
Convert -11 (base 2) to base 15.
-3
What is 3 (base 6) in base 8?
3
2121 (base 5) to base 6
1154
Convert 2 (base 10) to base 4.
2
Convert -2 (base 10) to base 7.
-2
Convert -21 (base 16) to base 13.
-27
-35 (base 10) to base 2
-100011
Convert 201 (base 4) to base 6.
53
What is -50 (base 9) in base 5?
-140
What is 47 (base 10) in base 8?
57
Convert -34 (base 12) to base 8.
-50
Convert 3 (base 4) to base 10.
3
What is 3d (base 14) in base 5?
210
Convert -1b5 (base 13) to base 12.
-225
Convert 10 (base 13) to base 5.
23
What is -3 (base 6) in base 14?
-3
What is 221 (base 6) in base 12?
71
Convert -1005 (base 6) to base 12.
-165
What is -3 (base 5) in base 6?
-3
-73 (base 11) to base 8
-120
What is -10001011 (base 2) in base 5?
-1024
Convert -24 (base 10) to base 7.
-33
2110 (base 5) to base 12
1b4
What is -11 (base 2) in base 5?
-3
Convert -34 (base 10) to base 4.
-202
-14 (base 16) to base 11
-19
Convert a2 (base 15) to base 3.
12122
What is 44 (base 16) in base 13?
53
Convert -1 (base 3) to base 7.
-1
What is 7 (base 9) in base 8?
7
-10 (base 2) to base 14
-2
What is -4 (base 6) in base 11?
-4
What is -1 (base 13) in base 9?
-1
Convert -7 (base 11) to base 14.
-7
1 (base 11) to base 6
1
What is 5c (base 14) in base 8?
122
Convert 1 (base 2) to base 3.
1
What is 100 (base 2) in base 9?
4
-20 (base 12) to base 15
-19
-3 (base 13) to base 14
-3
What is 5 (base 13) in base 14?
5
Convert -4 (base 13) to base 3.
-11
Convert -55 (base 7) to base 6.
-104
What is -7 (base 10) in base 13?
-7
-370 (base 10) to base 7
-1036
What is -11 (base 4) in base 9?
-5
Convert -1 (base 15) to base 10.
-1
-1 (base 15) to base 5
-1
Convert 3 (base 7) to base 14.
3
What is 7 (base 8) in base 3?
21
2 (base 12) to base 13
2
-111 (base 2) to base 13
-7
What is -107 (base 13) in base 16?
-b0
2 (base 9) to base 15
2
What is 2 (base 7) in base 12?
2
What is -d (base 16) in base 14?
-d
-55 (base 11) to base 8
-74
Convert -100 (base 3) to base 5.
-14
Convert -22 (base 5) to base 11.
-11
What is 1101 (base 2) in base 10?
13
1010110 (base 2) to base 15
5b
What is -3 (base 15) in base 9?
-3
What is -21 (base 9) in base 11?
-18
What is -1c (base 13) in base 12?
-21
33 (base 8) to base 2
11011
What is 1444 (base 6) in base 13?
23b
-4 (base 16) to base 2
-100
Convert -20 (base 10) to base 7.
-26
Convert -5 (base 13) to base 15.
-5
Convert -110 (base 4) to base 6.
-32
Convert -4 (base 7) to base 2.
-100
-d (base 15) to base 2
-1101
-20 (base 7) to base 5
-24
Convert -212 (base 3) to base 16.
-17
What is -30 (base 5) in base 7?
-21
c (base 13) to base 4
30
What is -51 (base 6) in base 11?
-29
Convert -10 (base 6) to base 7.
-6
What is -57 (base 14) in base 5?
-302
What is 5 (base 16) in base 10?
5
1 (base 15) to base 7
1
-a (base 14) to base 16
-a
8c (base 13) to base 10
116
87 (base 12) to base 9
124
Convert -35 (base 14) to base 12.
-3b
Convert -13 (base 5) to base 9.
-8
Convert -5 (base 14) to base 12.
-5
Convert -4 (base 16) to base 14.
-4
What is -1 (b